alculate the remainder when 8526 is divided by 607.
28
Calculate the remainder when 219607 is divided by 39.
37
Calculate the remainder when 1228 is divided by 30.
28
What is the remainder when 9981 is divided by 16?
13
Calculate the remainder when 65981 is divided by 14.
13
What is the remainder when 1045357 is divided by 895?
892
Calculate the remainder when 19917 is divided by 738.
729
Calculate the remainder when 1000 is divided by 26.
12
Calculate the remainder when 103156 is divided by 20630.
6
What is the remainder when 4722 is divided by 133?
67
Calculate the remainder when 10998 is divided by 243.
63
Calculate the remainder when 182326 is divided by 426.
424
What is the remainder when 54584 is divided by 1397?
101
What is the remainder when 2657 is divided by 201?
44
What is the remainder when 1128 is divided by 635?
493
Calculate the remainder when 7330 is divided by 118.
14
Calculate the remainder when 8558 is divided by 512.
366
What is the remainder when 71736 is divided by 118?
110
Calculate the remainder when 13478 is divided by 6702.
74
Calculate the remainder when 4800 is divided by 1053.
588
What is the remainder when 15957 is divided by 15190?
767
What is the remainder when 13053 is divided by 18?
3
Calculate the remainder when 9059 is divided by 641.
85
Calculate the remainder when 189 is divided by 7.
0
What is the remainder when 209 is divided by 155?
54
What is the remainder when 764 is divided by 9?
8
Calculate the remainder when 247079 is divided by 49412.
19
Calculate the remainder when 1644 is divided by 149.
5
Calculate the remainder when 5813 is divided by 53.
36
Calculate the remainder when 34250 is divided by 952.
930
Calculate the remainder when 322363 is divided by 116.
115
Calculate the remainder when 147132 is divided by 85.
82
Calculate the remainder when 60893 is divided by 44.
41
What is the remainder when 378213 is divided by 102?
99
Calculate the remainder when 228182 is divided by 665.
87
Calculate the remainder when 133388 is divided by 66688.
12
Calculate the remainder when 7849 is divided by 985.
954
Calculate the remainder when 10190 is divided by 1666.
194
What is the remainder when 18149 is divided by 173?
157
Calculate the remainder when 213713 is divided by 3053.
3
Calculate the remainder when 5030 is divided by 1005.
5
Calculate the remainder when 323488 is divided by 43.
42
What is the remainder when 19423678 is divided by 64?
62
Calculate the remainder when 28162 is divided by 30.
22
What is the remainder when 537859 is divided by 416?
387
Calculate the remainder when 7125376 is divided by 837.
832
What is the remainder when 12068 is divided by 1096?
12
Calculate the remainder when 5372 is divided by 492.
452
Calculate the remainder when 371347 is divided by 350.
347
What is the remainder when 32881 is divided by 438?
31
What is the remainder when 329429 is divided by 31?
23
Calculate the remainder when 16498 is divided by 571.
510
Calculate the remainder when 17598 is divided by 88.
86
Calculate the remainder when 1941018 is divided by 305.
303
Calculate the remainder when 14985 is divided by 14978.
7
What is the remainder when 104116 is divided by 2040?
76
Calculate the remainder when 1557 is divided by 252.
45
What is the remainder when 7370 is divided by 76?
74
Calculate the remainder when 8479 is divided by 1264.
895
What is the remainder when 3563 is divided by 266?
105
What is the remainder when 2391 is divided by 1781?
610
What is the remainder when 82332 is divided by 3578?
38
What is the remainder when 12892 is divided by 4262?
106
Calculate the remainder when 53239 is divided by 1835.
24
Calculate the remainder when 16511 is divided by 43.
42
Calculate the remainder when 11060 is divided by 2761.
16
What is the remainder when 69261 is divided by 30?
21
What is the remainder when 12103 is divided by 265?
178
What is the remainder when 31773 is divided by 521?
513
Calculate the remainder when 15139 is divided by 7.
5
What is the remainder when 30405 is divided by 400?
5
Calculate the remainder when 1097589 is divided by 114.
111
What is the remainder when 1913 is divided by 621?
50
What is the remainder when 147118 is divided by 167?
158
What is the remainder when 1675177 is divided by 85?
82
What is the remainder when 3045 is divided by 379?
13
Calculate the remainder when 350 is divided by 174.
2
What is the remainder when 173171 is divided by 34634?
1
Calculate the remainder when 19603 is divided by 2.
1
Calculate the remainder when 128364 is divided by 75.
39
Calculate the remainder when 3524 is divided by 50.
24
What is the remainder when 119254 is divided by 28?
2
Calculate the remainder when 5025 is divided by 42.
27
Calculate the remainder when 2799 is divided by 519.
204
Calculate the remainder when 191729 is divided by 165.
164
What is the remainder when 5879 is divided by 89?
5
Calculate the remainder when 39545 is divided by 514.
481
Calculate the remainder when 92407 is divided by 151.
146
What is the remainder when 31738 is divided by 10523?
169
What is the remainder when 22615 is divided by 955?
650
Calculate the remainder when 267300 is divided by 550.
0
What is the remainder when 98978 is divided by 404?
402
Calculate the remainder when 67169 is divided by 28.
25
What is the remainder when 6061 is divided by 43?
41
Calculate the remainder when 6180 is divided by 727.
364
What is the remainder when 247546 is divided by 842?
840
Calculate the remainder when 305182 is divided by 69.
64
Calculate the remainder when 11445 is divided by 2737.
497
What is the remainder when 251 is divided by 22?
9
Calculate the remainder when 250803 is divided by 856.
851
What is the remainder when 587498 is divided by 11?
10
Calculate the remainder when 2509 is divided by 37.
30
Calculate the remainder when 41272 is divided by 880.
792
Calculate the remainder when 37763 is divided by 9438.
11
What is the remainder when 3889 is divided by 367?
219
Calculate the remainder when 5771 is divided by 5335.
436
Calculate the remainder when 203271 is divided by 25406.
23
What is the remainder when 119236 is divided by 440?
436
Calculate the remainder when 194706 is divided by 373.
0
What is the remainder when 22550 is divided by 358?
354
Calculate the remainder when 9855 is divided by 968.
175
What is the remainder when 29497 is divided by 94?
75
Calculate the remainder when 2074 is divided by 281.
107
Calculate the remainder when 446151 is divided by 8.
7
What is the remainder when 2331 is divided by 159?
105
Calculate the remainder when 1557 is divided by 702.
153
What is the remainder when 83166 is divided by 81?
60
Calculate the remainder when 3913 is divided by 429.
52
What is the remainder when 107576 is divided by 53786?
4
What is the remainder when 712 is divided by 274?
164
What is the remainder when 573161 is divided by 668?
17
Calculate the remainder when 71998 is divided by 90.
88
What is the remainder when 57281 is divided by 95?
91
What is the remainder when 6570 is divided by 17?
8
What is the remainder when 20145 is divided by 77?
48
What is the remainder when 47562 is divided by 1322?
1292
Calculate the remainder when 913812 is divided by 73.
71
What is the remainder when 17898 is divided by 20?
18
Calculate the remainder when 4348171 is divided by 943.
941
Calculate the remainder when 14991 is divided by 22.
9
Calculate the remainder when 2718 is divided by 94.
86
Calculate the remainder when 1620 is divided by 336.
276
What is the remainder when 46365 is divided by 15436?
57
What is the remainder when 17135 is divided by 119?
118
What is the remainder when 587 is divided by 82?
13
Calculate the remainder when 7181 is divided by 227.
144
Calculate the remainder when 17418 is divided by 111.
102
Calculate the remainder when 118991 is divided by 607.
19
Calculate the remainder when 161886 is divided by 273.
270
Calculate the remainder when 4732 is divided by 2361.
10
Calculate the remainder when 234265 is divided by 12.
1
Calculate the remainder when 312025 is divided by 143.
142
What is the remainder when 2286 is divided by 606?
468
What is the remainder when 19247 is divided by 3191?
101
What is the remainder when 35149 is divided by 163?
104
What is the remainder when 4849 i